{"id":3,"date":"2021-10-10T17:26:34","date_gmt":"2021-10-10T15:26:34","guid":{"rendered":"https:\/\/www.mkcautomatyka.pl\/?page_id=3"},"modified":"2021-11-04T18:42:41","modified_gmt":"2021-11-04T17:42:41","slug":"polityka-prywatnosci","status":"publish","type":"page","link":"https:\/\/www.mkcautomatyka.pl\/?page_id=3","title":{"rendered":"Polityka prywatno\u015bci"},"content":{"rendered":"\n<h2 class=\"wp-block-heading\">Informacje og\u00f3lne<\/h2>\n\n\n\n<p>Operatorem serwisu  www.mkcautomatyka.pl jest MKC Marcin Kapral, ul. Pomorska 5\/6\/6A, 90-201 \u0141\u00f3d\u017a, Polska, NIP: 7251672947, Regon: 100590406.<br>Serwis umo\u017cliwia pozyskiwania informacji o u\u017cytkownikach przez informacje dobrowolnie wprowadzone w formularzu kontaktowym.<br>Serwis nie wykorzystuje plik\u00f3w Cookies (tzw. &#8222;ciasteczka&#8221;).<\/p>\n\n\n\n<h2 class=\"wp-block-heading\">informacje zbierane przez formularze<\/h2>\n\n\n\n<p>Serwis gromadzi informacje podane dobrowolnie przez u\u017cytkownika.<br>Dane w formularzu nie s\u0105 udost\u0119pniane podmiotom trzecim inaczej, ni\u017c za zgod\u0105 u\u017cytkownika.<br>Dane podane w formularzu mog\u0105 stanowi\u0107 zbi\u00f3r potencjalnych klient\u00f3w, zarejestrowany przez Operatora Serwisu w rejestrze prowadzonym przez Generalnego Inspektora Ochrony Danych Osobowych.<br>Dane podane w formularzu s\u0105 przetwarzane w celu wynikaj\u0105cym z funkcji konkretnego formularza, np. w celu kontaktu handlowego.<\/p>\n\n\n\n<h2 class=\"wp-block-heading\">Z kim dzielimy si\u0119 danymi<\/h2>\n\n\n\n<p>Dane podlegaj\u0105 udost\u0119pnieniu podmiotom zewn\u0119trznym wy\u0142\u0105cznie w granicach prawnie dozwolonych.<br>Dane umo\u017cliwiaj\u0105ce identyfikacj\u0119 osoby fizycznej s\u0105 udost\u0119pniane wy\u0142\u0105czenie za zgod\u0105 tej osoby.<br>Operator mo\u017ce mie\u0107 obowi\u0105zek udzielania informacji zebranych przez Serwis upowa\u017cnionym organom na podstawie zgodnych z prawem \u017c\u0105da\u0144 w zakresie wynikaj\u0105cym z \u017c\u0105dania.<\/p>\n","protected":false},"excerpt":{"rendered":"<p>Informacje og\u00f3lne Operatorem serwisu www.mkcautomatyka.pl jest MKC Marcin Kapral, ul. Pomorska 5\/6\/6A, 90-201 \u0141\u00f3d\u017a, Polska, NIP: 7251672947, Regon: 100590406.Serwis umo\u017cliwia pozyskiwania informacji o u\u017cytkownikach przez informacje dobrowolnie wprowadzone w formularzu kontaktowym.Serwis nie wykorzystuje plik\u00f3w Cookies (tzw. &#8222;ciasteczka&#8221;). informacje zbierane przez formularze Serwis gromadzi informacje podane dobrowolnie przez u\u017cytkownika.Dane w formularzu nie s\u0105 udost\u0119pniane podmiotom trzecim&hellip;&nbsp;<a href=\"https:\/\/www.mkcautomatyka.pl\/?page_id=3\" class=\"\" rel=\"bookmark\">Czytaj dalej &raquo;<span class=\"screen-reader-text\">Polityka prywatno\u015bci<\/span><\/a><\/p>\n","protected":false},"author":1,"featured_media":0,"parent":0,"menu_order":0,"comment_status":"closed","ping_status":"open","template":"","meta":{"neve_meta_sidebar":"","neve_meta_container":"","neve_meta_enable_content_width":"","neve_meta_content_width":0,"neve_meta_title_alignment":"","neve_meta_author_avatar":"","neve_post_elements_order":"","neve_meta_disable_header":"","neve_meta_disable_footer":"","neve_meta_disable_title":"","_themeisle_gutenberg_block_has_review":false,"_ti_tpc_template_sync":false,"_ti_tpc_template_id":"","footnotes":""},"class_list":["post-3","page","type-page","status-publish","hentry"],"_links":{"self":[{"href":"https:\/\/www.mkcautomatyka.pl\/index.php?rest_route=\/wp\/v2\/pages\/3","targetHints":{"allow":["GET"]}}],"collection":[{"href":"https:\/\/www.mkcautomatyka.pl\/index.php?rest_route=\/wp\/v2\/pages"}],"about":[{"href":"https:\/\/www.mkcautomatyka.pl\/index.php?rest_route=\/wp\/v2\/types\/page"}],"author":[{"embeddable":true,"href":"https:\/\/www.mkcautomatyka.pl\/index.php?rest_route=\/wp\/v2\/users\/1"}],"replies":[{"embeddable":true,"href":"https:\/\/www.mkcautomatyka.pl\/index.php?rest_route=%2Fwp%2Fv2%2Fcomments&post=3"}],"version-history":[{"count":3,"href":"https:\/\/www.mkcautomatyka.pl\/index.php?rest_route=\/wp\/v2\/pages\/3\/revisions"}],"predecessor-version":[{"id":326,"href":"https:\/\/www.mkcautomatyka.pl\/index.php?rest_route=\/wp\/v2\/pages\/3\/revisions\/326"}],"wp:attachment":[{"href":"https:\/\/www.mkcautomatyka.pl\/index.php?rest_route=%2Fwp%2Fv2%2Fmedia&parent=3"}],"curies":[{"name":"wp","href":"https:\/\/api.w.org\/{rel}","templated":true}]}}